{"id":10,"date":"2012-02-16T10:01:06","date_gmt":"2012-02-16T10:01:06","guid":{"rendered":"http:\/\/demo.cpothemes.com\/illustrious\/?page_id=10"},"modified":"2020-05-25T11:55:59","modified_gmt":"2020-05-25T09:55:59","slug":"contact","status":"publish","type":"page","link":"https:\/\/www.sjsk.sk\/index.php\/contact\/","title":{"rendered":"Kontakt"},"content":{"rendered":"<p>Spolo\u010dnos\u0165 Sejong, s.r.o. m\u00f4\u017eete kontaktova\u0165 pomocou kontaktn\u00e9ho formul\u00e1ra uveden\u00e9ho ni\u017e\u0161ie<\/p>\n<div id=\"wpforms-2110\" class=\"wpforms-container wpforms-container-full\"><form id=\"wpforms-form-2110\" class=\"wpforms-validate wpforms-form\" action=\"http:\/\/bytcaplant.com\/bytca\/index.php\/contact\/\" enctype=\"multipart\/form-data\" method=\"post\" novalidate=\"novalidate\" data-formid=\"2110\">\n<div class=\"wpforms-field-container\">\n<div id=\"wpforms-2110-field_0-container\" class=\"wpforms-field wpforms-field-name\" data-field-id=\"0\">\u00a0<\/div>\n<\/div>\n<\/form><\/div>\n<p>[wpforms id=&#8220;3596&#8243; title=&#8220;false&#8220; description=&#8220;false&#8220;]<br \/><img decoding=\"async\" class=\"alignnone wp-image-3645 lazyload\" data-src=\"https:\/\/www.sjsk.sk\/wp-content\/uploads\/2020\/05\/sjsk-300x115.png\" alt=\"\" width=\"1920\" height=\"738\" data-srcset=\"https:\/\/www.sjsk.sk\/wp-content\/uploads\/2020\/05\/sjsk-300x115.png 300w, https:\/\/www.sjsk.sk\/wp-content\/uploads\/2020\/05\/sjsk-768x295.png 768w, https:\/\/www.sjsk.sk\/wp-content\/uploads\/2020\/05\/sjsk.png 781w\" data-sizes=\"(max-width: 1920px) 100vw, 1920px\" src=\"data:image\/svg+xml;base64,PHN2ZyB3aWR0aD0iMSIgaGVpZ2h0PSIxIiB4bWxucz0iaHR0cDovL3d3dy53My5vcmcvMjAwMC9zdmciPjwvc3ZnPg==\" style=\"--smush-placeholder-width: 1920px; --smush-placeholder-aspect-ratio: 1920\/738;\" \/><\/p>\n\n\n<p><\/p>\n","protected":false},"excerpt":{"rendered":"<p>Spolo\u010dnos\u0165 Sejong, s.r.o. m\u00f4\u017eete kontaktova\u0165 pomocou kontaktn\u00e9ho formul\u00e1ra uveden\u00e9ho ni\u017e\u0161ie \u00a0 [wpforms id=&#8220;3596&#8243; title=&#8220;false&#8220; description=&#8220;false&#8220;]<\/p>\n","protected":false},"author":1,"featured_media":0,"parent":0,"menu_order":0,"comment_status":"closed","ping_status":"open","template":"","meta":{"_monsterinsights_skip_tracking":false,"_monsterinsights_sitenote_active":false,"_monsterinsights_sitenote_note":"","_monsterinsights_sitenote_category":0,"footnotes":""},"class_list":["post-10","page","type-page","status-publish","hentry"],"yoast_head":"<!-- This site is optimized with the Yoast SEO plugin v25.6 - https:\/\/yoast.com\/wordpress\/plugins\/seo\/ -->\n<title>Kontakt - SJG Slovakia s.r.o.<\/title>\n<meta name=\"robots\" content=\"index, follow, max-snippet:-1, max-image-preview:large, max-video-preview:-1\" \/>\n<link rel=\"canonical\" href=\"https:\/\/www.sjsk.sk\/index.php\/contact\/\" \/>\n<meta property=\"og:locale\" content=\"sk_SK\" \/>\n<meta property=\"og:type\" content=\"article\" \/>\n<meta property=\"og:title\" content=\"Kontakt - SJG Slovakia s.r.o.\" \/>\n<meta property=\"og:description\" content=\"Spolo\u010dnos\u0165 Sejong, s.r.o. m\u00f4\u017eete kontaktova\u0165 pomocou kontaktn\u00e9ho formul\u00e1ra uveden\u00e9ho ni\u017e\u0161ie \u00a0 [wpforms id=&#8220;3596&#8243; title=&#8220;false&#8220; description=&#8220;false&#8220;]\" \/>\n<meta property=\"og:url\" content=\"https:\/\/www.sjsk.sk\/index.php\/contact\/\" \/>\n<meta property=\"og:site_name\" content=\"SJG Slovakia s.r.o.\" \/>\n<meta property=\"article:modified_time\" content=\"2020-05-25T09:55:59+00:00\" \/>\n<meta property=\"og:image\" content=\"https:\/\/www.sjsk.sk\/wp-content\/uploads\/2020\/05\/sjsk-300x115.png\" \/>\n<meta name=\"twitter:card\" content=\"summary_large_image\" \/>\n<script type=\"application\/ld+json\" class=\"yoast-schema-graph\">{\"@context\":\"https:\/\/schema.org\",\"@graph\":[{\"@type\":\"WebPage\",\"@id\":\"https:\/\/www.sjsk.sk\/index.php\/contact\/\",\"url\":\"https:\/\/www.sjsk.sk\/index.php\/contact\/\",\"name\":\"Kontakt - SJG Slovakia s.r.o.\",\"isPartOf\":{\"@id\":\"https:\/\/www.sjsk.sk\/#website\"},\"primaryImageOfPage\":{\"@id\":\"https:\/\/www.sjsk.sk\/index.php\/contact\/#primaryimage\"},\"image\":{\"@id\":\"https:\/\/www.sjsk.sk\/index.php\/contact\/#primaryimage\"},\"thumbnailUrl\":\"https:\/\/www.sjsk.sk\/wp-content\/uploads\/2020\/05\/sjsk-300x115.png\",\"datePublished\":\"2012-02-16T10:01:06+00:00\",\"dateModified\":\"2020-05-25T09:55:59+00:00\",\"breadcrumb\":{\"@id\":\"https:\/\/www.sjsk.sk\/index.php\/contact\/#breadcrumb\"},\"inLanguage\":\"sk-SK\",\"potentialAction\":[{\"@type\":\"ReadAction\",\"target\":[\"https:\/\/www.sjsk.sk\/index.php\/contact\/\"]}]},{\"@type\":\"ImageObject\",\"inLanguage\":\"sk-SK\",\"@id\":\"https:\/\/www.sjsk.sk\/index.php\/contact\/#primaryimage\",\"url\":\"https:\/\/www.sjsk.sk\/wp-content\/uploads\/2020\/05\/sjsk.png\",\"contentUrl\":\"https:\/\/www.sjsk.sk\/wp-content\/uploads\/2020\/05\/sjsk.png\",\"width\":781,\"height\":300},{\"@type\":\"BreadcrumbList\",\"@id\":\"https:\/\/www.sjsk.sk\/index.php\/contact\/#breadcrumb\",\"itemListElement\":[{\"@type\":\"ListItem\",\"position\":1,\"name\":\"Home\",\"item\":\"https:\/\/www.sjsk.sk\/\"},{\"@type\":\"ListItem\",\"position\":2,\"name\":\"Kontakt\"}]},{\"@type\":\"WebSite\",\"@id\":\"https:\/\/www.sjsk.sk\/#website\",\"url\":\"https:\/\/www.sjsk.sk\/\",\"name\":\"SJG Slovakia s.r.o.\",\"description\":\"dc\u00e9rska spolo\u010dnos\u0165 Sejong Industrial Co., Ltd.\",\"potentialAction\":[{\"@type\":\"SearchAction\",\"target\":{\"@type\":\"EntryPoint\",\"urlTemplate\":\"https:\/\/www.sjsk.sk\/?s={search_term_string}\"},\"query-input\":{\"@type\":\"PropertyValueSpecification\",\"valueRequired\":true,\"valueName\":\"search_term_string\"}}],\"inLanguage\":\"sk-SK\"}]}<\/script>\n<!-- \/ Yoast SEO plugin. -->","yoast_head_json":{"title":"Kontakt - SJG Slovakia s.r.o.","robots":{"index":"index","follow":"follow","max-snippet":"max-snippet:-1","max-image-preview":"max-image-preview:large","max-video-preview":"max-video-preview:-1"},"canonical":"https:\/\/www.sjsk.sk\/index.php\/contact\/","og_locale":"sk_SK","og_type":"article","og_title":"Kontakt - SJG Slovakia s.r.o.","og_description":"Spolo\u010dnos\u0165 Sejong, s.r.o. m\u00f4\u017eete kontaktova\u0165 pomocou kontaktn\u00e9ho formul\u00e1ra uveden\u00e9ho ni\u017e\u0161ie \u00a0 [wpforms id=&#8220;3596&#8243; title=&#8220;false&#8220; description=&#8220;false&#8220;]","og_url":"https:\/\/www.sjsk.sk\/index.php\/contact\/","og_site_name":"SJG Slovakia s.r.o.","article_modified_time":"2020-05-25T09:55:59+00:00","og_image":[{"url":"https:\/\/www.sjsk.sk\/wp-content\/uploads\/2020\/05\/sjsk-300x115.png","type":"","width":"","height":""}],"twitter_card":"summary_large_image","schema":{"@context":"https:\/\/schema.org","@graph":[{"@type":"WebPage","@id":"https:\/\/www.sjsk.sk\/index.php\/contact\/","url":"https:\/\/www.sjsk.sk\/index.php\/contact\/","name":"Kontakt - SJG Slovakia s.r.o.","isPartOf":{"@id":"https:\/\/www.sjsk.sk\/#website"},"primaryImageOfPage":{"@id":"https:\/\/www.sjsk.sk\/index.php\/contact\/#primaryimage"},"image":{"@id":"https:\/\/www.sjsk.sk\/index.php\/contact\/#primaryimage"},"thumbnailUrl":"https:\/\/www.sjsk.sk\/wp-content\/uploads\/2020\/05\/sjsk-300x115.png","datePublished":"2012-02-16T10:01:06+00:00","dateModified":"2020-05-25T09:55:59+00:00","breadcrumb":{"@id":"https:\/\/www.sjsk.sk\/index.php\/contact\/#breadcrumb"},"inLanguage":"sk-SK","potentialAction":[{"@type":"ReadAction","target":["https:\/\/www.sjsk.sk\/index.php\/contact\/"]}]},{"@type":"ImageObject","inLanguage":"sk-SK","@id":"https:\/\/www.sjsk.sk\/index.php\/contact\/#primaryimage","url":"https:\/\/www.sjsk.sk\/wp-content\/uploads\/2020\/05\/sjsk.png","contentUrl":"https:\/\/www.sjsk.sk\/wp-content\/uploads\/2020\/05\/sjsk.png","width":781,"height":300},{"@type":"BreadcrumbList","@id":"https:\/\/www.sjsk.sk\/index.php\/contact\/#breadcrumb","itemListElement":[{"@type":"ListItem","position":1,"name":"Home","item":"https:\/\/www.sjsk.sk\/"},{"@type":"ListItem","position":2,"name":"Kontakt"}]},{"@type":"WebSite","@id":"https:\/\/www.sjsk.sk\/#website","url":"https:\/\/www.sjsk.sk\/","name":"SJG Slovakia s.r.o.","description":"dc\u00e9rska spolo\u010dnos\u0165 Sejong Industrial Co., Ltd.","potentialAction":[{"@type":"SearchAction","target":{"@type":"EntryPoint","urlTemplate":"https:\/\/www.sjsk.sk\/?s={search_term_string}"},"query-input":{"@type":"PropertyValueSpecification","valueRequired":true,"valueName":"search_term_string"}}],"inLanguage":"sk-SK"}]}},"_links":{"self":[{"href":"https:\/\/www.sjsk.sk\/index.php\/wp-json\/wp\/v2\/pages\/10","targetHints":{"allow":["GET"]}}],"collection":[{"href":"https:\/\/www.sjsk.sk\/index.php\/wp-json\/wp\/v2\/pages"}],"about":[{"href":"https:\/\/www.sjsk.sk\/index.php\/wp-json\/wp\/v2\/types\/page"}],"author":[{"embeddable":true,"href":"https:\/\/www.sjsk.sk\/index.php\/wp-json\/wp\/v2\/users\/1"}],"replies":[{"embeddable":true,"href":"https:\/\/www.sjsk.sk\/index.php\/wp-json\/wp\/v2\/comments?post=10"}],"version-history":[{"count":6,"href":"https:\/\/www.sjsk.sk\/index.php\/wp-json\/wp\/v2\/pages\/10\/revisions"}],"predecessor-version":[{"id":3647,"href":"https:\/\/www.sjsk.sk\/index.php\/wp-json\/wp\/v2\/pages\/10\/revisions\/3647"}],"wp:attachment":[{"href":"https:\/\/www.sjsk.sk\/index.php\/wp-json\/wp\/v2\/media?parent=10"}],"curies":[{"name":"wp","href":"https:\/\/api.w.org\/{rel}","templated":true}]}}