{"id":3627,"date":"2019-08-26T18:56:01","date_gmt":"2019-08-26T16:56:01","guid":{"rendered":"https:\/\/www.sjsk.sk\/?page_id=3627"},"modified":"2019-08-26T18:56:02","modified_gmt":"2019-08-26T16:56:02","slug":"narodna-struktura","status":"publish","type":"page","link":"https:\/\/www.sjsk.sk\/index.php\/narodna-struktura\/","title":{"rendered":"N\u00e1rodn\u00e1 \u0161trukt\u00fara"},"content":{"rendered":"\n<p> N\u00e1rodn\u00e1 \u0161trukt\u00fara spolo\u010dnosti Sejong. So zna\u010dkou Sejong sa m\u00f4\u017eete stretn\u00fa\u0165 po celom svete. <\/p>\n\n\n\n<figure class=\"wp-block-image\"><img decoding=\"async\" width=\"1024\" height=\"766\" data-src=\"https:\/\/www.sjsk.sk\/wp-content\/uploads\/2019\/08\/Nadnarodna-struktura-1024x766.jpg\" alt=\"\" class=\"wp-image-3628 lazyload\" data-srcset=\"https:\/\/www.sjsk.sk\/wp-content\/uploads\/2019\/08\/Nadnarodna-struktura-1024x766.jpg 1024w, https:\/\/www.sjsk.sk\/wp-content\/uploads\/2019\/08\/Nadnarodna-struktura-300x225.jpg 300w, https:\/\/www.sjsk.sk\/wp-content\/uploads\/2019\/08\/Nadnarodna-struktura-768x575.jpg 768w, https:\/\/www.sjsk.sk\/wp-content\/uploads\/2019\/08\/Nadnarodna-struktura.jpg 1439w\" data-sizes=\"(max-width: 1024px) 100vw, 1024px\" src=\"data:image\/svg+xml;base64,PHN2ZyB3aWR0aD0iMSIgaGVpZ2h0PSIxIiB4bWxucz0iaHR0cDovL3d3dy53My5vcmcvMjAwMC9zdmciPjwvc3ZnPg==\" style=\"--smush-placeholder-width: 1024px; --smush-placeholder-aspect-ratio: 1024\/766;\" \/><\/figure>\n","protected":false},"excerpt":{"rendered":"<p>N\u00e1rodn\u00e1 \u0161trukt\u00fara spolo\u010dnosti Sejong. So zna\u010dkou Sejong sa m\u00f4\u017eete stretn\u00fa\u0165 po celom svete.<\/p>\n","protected":false},"author":1,"featured_media":0,"parent":0,"menu_order":0,"comment_status":"closed","ping_status":"closed","template":"","meta":{"_monsterinsights_skip_tracking":false,"_monsterinsights_sitenote_active":false,"_monsterinsights_sitenote_note":"","_monsterinsights_sitenote_category":0,"footnotes":""},"class_list":["post-3627","page","type-page","status-publish","hentry"],"yoast_head":"<!-- This site is optimized with the Yoast SEO plugin v25.6 - https:\/\/yoast.com\/wordpress\/plugins\/seo\/ -->\n<title>N\u00e1rodn\u00e1 \u0161trukt\u00fara - SJG Slovakia s.r.o.<\/title>\n<meta name=\"robots\" content=\"index, follow, max-snippet:-1, max-image-preview:large, max-video-preview:-1\" \/>\n<link rel=\"canonical\" href=\"https:\/\/www.sjsk.sk\/index.php\/narodna-struktura\/\" \/>\n<meta property=\"og:locale\" content=\"sk_SK\" \/>\n<meta property=\"og:type\" content=\"article\" \/>\n<meta property=\"og:title\" content=\"N\u00e1rodn\u00e1 \u0161trukt\u00fara - SJG Slovakia s.r.o.\" \/>\n<meta property=\"og:description\" content=\"N\u00e1rodn\u00e1 \u0161trukt\u00fara spolo\u010dnosti Sejong. So zna\u010dkou Sejong sa m\u00f4\u017eete stretn\u00fa\u0165 po celom svete.\" \/>\n<meta property=\"og:url\" content=\"https:\/\/www.sjsk.sk\/index.php\/narodna-struktura\/\" \/>\n<meta property=\"og:site_name\" content=\"SJG Slovakia s.r.o.\" \/>\n<meta property=\"article:modified_time\" content=\"2019-08-26T16:56:02+00:00\" \/>\n<meta property=\"og:image\" content=\"https:\/\/www.sjsk.sk\/wp-content\/uploads\/2019\/08\/Nadnarodna-struktura-1024x766.jpg\" \/>\n<meta name=\"twitter:card\" content=\"summary_large_image\" \/>\n<script type=\"application\/ld+json\" class=\"yoast-schema-graph\">{\"@context\":\"https:\/\/schema.org\",\"@graph\":[{\"@type\":\"WebPage\",\"@id\":\"https:\/\/www.sjsk.sk\/index.php\/narodna-struktura\/\",\"url\":\"https:\/\/www.sjsk.sk\/index.php\/narodna-struktura\/\",\"name\":\"N\u00e1rodn\u00e1 \u0161trukt\u00fara - SJG Slovakia s.r.o.\",\"isPartOf\":{\"@id\":\"https:\/\/www.sjsk.sk\/#website\"},\"primaryImageOfPage\":{\"@id\":\"https:\/\/www.sjsk.sk\/index.php\/narodna-struktura\/#primaryimage\"},\"image\":{\"@id\":\"https:\/\/www.sjsk.sk\/index.php\/narodna-struktura\/#primaryimage\"},\"thumbnailUrl\":\"https:\/\/www.sjsk.sk\/wp-content\/uploads\/2019\/08\/Nadnarodna-struktura-1024x766.jpg\",\"datePublished\":\"2019-08-26T16:56:01+00:00\",\"dateModified\":\"2019-08-26T16:56:02+00:00\",\"breadcrumb\":{\"@id\":\"https:\/\/www.sjsk.sk\/index.php\/narodna-struktura\/#breadcrumb\"},\"inLanguage\":\"sk-SK\",\"potentialAction\":[{\"@type\":\"ReadAction\",\"target\":[\"https:\/\/www.sjsk.sk\/index.php\/narodna-struktura\/\"]}]},{\"@type\":\"ImageObject\",\"inLanguage\":\"sk-SK\",\"@id\":\"https:\/\/www.sjsk.sk\/index.php\/narodna-struktura\/#primaryimage\",\"url\":\"https:\/\/www.sjsk.sk\/wp-content\/uploads\/2019\/08\/Nadnarodna-struktura.jpg\",\"contentUrl\":\"https:\/\/www.sjsk.sk\/wp-content\/uploads\/2019\/08\/Nadnarodna-struktura.jpg\",\"width\":1439,\"height\":1077},{\"@type\":\"BreadcrumbList\",\"@id\":\"https:\/\/www.sjsk.sk\/index.php\/narodna-struktura\/#breadcrumb\",\"itemListElement\":[{\"@type\":\"ListItem\",\"position\":1,\"name\":\"Home\",\"item\":\"https:\/\/www.sjsk.sk\/\"},{\"@type\":\"ListItem\",\"position\":2,\"name\":\"N\u00e1rodn\u00e1 \u0161trukt\u00fara\"}]},{\"@type\":\"WebSite\",\"@id\":\"https:\/\/www.sjsk.sk\/#website\",\"url\":\"https:\/\/www.sjsk.sk\/\",\"name\":\"SJG Slovakia s.r.o.\",\"description\":\"dc\u00e9rska spolo\u010dnos\u0165 Sejong Industrial Co., Ltd.\",\"potentialAction\":[{\"@type\":\"SearchAction\",\"target\":{\"@type\":\"EntryPoint\",\"urlTemplate\":\"https:\/\/www.sjsk.sk\/?s={search_term_string}\"},\"query-input\":{\"@type\":\"PropertyValueSpecification\",\"valueRequired\":true,\"valueName\":\"search_term_string\"}}],\"inLanguage\":\"sk-SK\"}]}<\/script>\n<!-- \/ Yoast SEO plugin. -->","yoast_head_json":{"title":"N\u00e1rodn\u00e1 \u0161trukt\u00fara - SJG Slovakia s.r.o.","robots":{"index":"index","follow":"follow","max-snippet":"max-snippet:-1","max-image-preview":"max-image-preview:large","max-video-preview":"max-video-preview:-1"},"canonical":"https:\/\/www.sjsk.sk\/index.php\/narodna-struktura\/","og_locale":"sk_SK","og_type":"article","og_title":"N\u00e1rodn\u00e1 \u0161trukt\u00fara - SJG Slovakia s.r.o.","og_description":"N\u00e1rodn\u00e1 \u0161trukt\u00fara spolo\u010dnosti Sejong. So zna\u010dkou Sejong sa m\u00f4\u017eete stretn\u00fa\u0165 po celom svete.","og_url":"https:\/\/www.sjsk.sk\/index.php\/narodna-struktura\/","og_site_name":"SJG Slovakia s.r.o.","article_modified_time":"2019-08-26T16:56:02+00:00","og_image":[{"url":"https:\/\/www.sjsk.sk\/wp-content\/uploads\/2019\/08\/Nadnarodna-struktura-1024x766.jpg","type":"","width":"","height":""}],"twitter_card":"summary_large_image","schema":{"@context":"https:\/\/schema.org","@graph":[{"@type":"WebPage","@id":"https:\/\/www.sjsk.sk\/index.php\/narodna-struktura\/","url":"https:\/\/www.sjsk.sk\/index.php\/narodna-struktura\/","name":"N\u00e1rodn\u00e1 \u0161trukt\u00fara - SJG Slovakia s.r.o.","isPartOf":{"@id":"https:\/\/www.sjsk.sk\/#website"},"primaryImageOfPage":{"@id":"https:\/\/www.sjsk.sk\/index.php\/narodna-struktura\/#primaryimage"},"image":{"@id":"https:\/\/www.sjsk.sk\/index.php\/narodna-struktura\/#primaryimage"},"thumbnailUrl":"https:\/\/www.sjsk.sk\/wp-content\/uploads\/2019\/08\/Nadnarodna-struktura-1024x766.jpg","datePublished":"2019-08-26T16:56:01+00:00","dateModified":"2019-08-26T16:56:02+00:00","breadcrumb":{"@id":"https:\/\/www.sjsk.sk\/index.php\/narodna-struktura\/#breadcrumb"},"inLanguage":"sk-SK","potentialAction":[{"@type":"ReadAction","target":["https:\/\/www.sjsk.sk\/index.php\/narodna-struktura\/"]}]},{"@type":"ImageObject","inLanguage":"sk-SK","@id":"https:\/\/www.sjsk.sk\/index.php\/narodna-struktura\/#primaryimage","url":"https:\/\/www.sjsk.sk\/wp-content\/uploads\/2019\/08\/Nadnarodna-struktura.jpg","contentUrl":"https:\/\/www.sjsk.sk\/wp-content\/uploads\/2019\/08\/Nadnarodna-struktura.jpg","width":1439,"height":1077},{"@type":"BreadcrumbList","@id":"https:\/\/www.sjsk.sk\/index.php\/narodna-struktura\/#breadcrumb","itemListElement":[{"@type":"ListItem","position":1,"name":"Home","item":"https:\/\/www.sjsk.sk\/"},{"@type":"ListItem","position":2,"name":"N\u00e1rodn\u00e1 \u0161trukt\u00fara"}]},{"@type":"WebSite","@id":"https:\/\/www.sjsk.sk\/#website","url":"https:\/\/www.sjsk.sk\/","name":"SJG Slovakia s.r.o.","description":"dc\u00e9rska spolo\u010dnos\u0165 Sejong Industrial Co., Ltd.","potentialAction":[{"@type":"SearchAction","target":{"@type":"EntryPoint","urlTemplate":"https:\/\/www.sjsk.sk\/?s={search_term_string}"},"query-input":{"@type":"PropertyValueSpecification","valueRequired":true,"valueName":"search_term_string"}}],"inLanguage":"sk-SK"}]}},"_links":{"self":[{"href":"https:\/\/www.sjsk.sk\/index.php\/wp-json\/wp\/v2\/pages\/3627","targetHints":{"allow":["GET"]}}],"collection":[{"href":"https:\/\/www.sjsk.sk\/index.php\/wp-json\/wp\/v2\/pages"}],"about":[{"href":"https:\/\/www.sjsk.sk\/index.php\/wp-json\/wp\/v2\/types\/page"}],"author":[{"embeddable":true,"href":"https:\/\/www.sjsk.sk\/index.php\/wp-json\/wp\/v2\/users\/1"}],"replies":[{"embeddable":true,"href":"https:\/\/www.sjsk.sk\/index.php\/wp-json\/wp\/v2\/comments?post=3627"}],"version-history":[{"count":1,"href":"https:\/\/www.sjsk.sk\/index.php\/wp-json\/wp\/v2\/pages\/3627\/revisions"}],"predecessor-version":[{"id":3629,"href":"https:\/\/www.sjsk.sk\/index.php\/wp-json\/wp\/v2\/pages\/3627\/revisions\/3629"}],"wp:attachment":[{"href":"https:\/\/www.sjsk.sk\/index.php\/wp-json\/wp\/v2\/media?parent=3627"}],"curies":[{"name":"wp","href":"https:\/\/api.w.org\/{rel}","templated":true}]}}